*n = 37*n - 50. Let k be (-6654)/(-10) + (-4)/n. Suppose k = 11*c + 115. What is the units digit of c?
0
Suppose -4*c + 12 = -4*o, 5*c - 1 = 4*c - o. What is the tens digit of c/4 + (-1555)/(-2) + -1?
7
Let o be (2 - -7 - (0 - 4)) + 1. Suppose 0 = f + 5, -705 = -4*r - 5*f - o. What is the units digit of r?
9
Let x be (-11 - 1)*2/(-8). Suppose 5*i - 3*j = 1974, x*i + 6*j - 1176 = 5*j. What is the tens digit of i?
9
Let k(y) = y**3 - 82*y**2 + 233*y - 116. What is the ten thousands digit of k(85)?
4
Suppose n = 3*c - 84 - 5, 0 = -3*n - 15. Suppose 26*b = c*b - 1922. What is the tens digit of b?
6
Suppose 88*n = 77*n + 70158. What is the units digit of n?
8
Suppose -w = 2*a + 28, -5*w + 7*a = 9*a + 124. Let n = w - -100. Suppose 101 + n = c. What is the tens digit of c?
7
What is the ten thousands digit of (22677/2)/((-6)/(-28)*539/154)?
1
Suppose 9*p = 8928 + 675. Suppose d = -4*f + 453, -4*d - p = 5*f - 2890. What is the hundreds digit of d?
4
Let g = 591 - 614. Let y(z) = z**3 + 26*z**2 + 26*z + 88. What is the thousands digit of y(g)?
1
Let y(m) = -m**3 + 13*m**2 - 27*m + 63. Let a be y(11). Let u(s) = s**2 + 4*s + 7. What is the tens digit of u(a)?
0
Let s(t) = 153*t + 10. Let n be s(2). Let i = n - -233. What is the hundreds digit of i?
5
Let p = 36 - 59. Let w = 32 + p. Suppose 1106 + 100 = w*l. What is the hundreds digit of l?
1
Let w(b) = 6*b**3 + 9*b**2 + 16*b. Let y be w(-5). Let f = 1166 + y. What is the tens digit of f?
6
Suppose 2*k = 5*i - 41539, 29*k = 2*i + 28*k - 16615. What is the units digit of i?
9
Suppose -5*k + 40 = -5*n, 2*n = 4*k + 5*n - 46. Suppose 10 - k = 4*q. Let d = q + 39. What is the units digit of d?
9
Let a = 69 - 135. Let c = 262 + a. What is the units digit of (-3)/(-2)*(c + -34)?
3
Suppose -19*p = -3*p + 3*p. Suppose -871 = -5*j + 5*n + 69, -2*n = p. What is the hundreds digit of j?
1
Suppose -4*u + 17*u - 1430 = 0. Suppose 235 = -105*w + u*w. Let y = w - 4. What is the units digit of y?
3
Let q(l) = -250*l - 17. Let o be q(-1). Suppose -14*a = -o - 3085. What is the hundreds digit of a?
2
Suppose -35*c = -40*c + h + 264747, c + 3*h = 52943. What is the units digit of c?
9
Let w be (-900)/495 + 2/11*-1. Let i = 20 + w. What is the tens digit of i?
1
Let l = 44859 + -22089. What is the hundreds digit of l?
7
What is the hundreds digit of (-5)/(1575/(-3178998)) - 20/350?
0
Suppose 15*x = 18*x - 630. Suppose -4*g + 2*g = -3*d + 210, 0 = 3*d - 4*g - x. What is the units digit of d?
0
Suppose -l - 78 = -14*l. Suppose 0 = 2*c - 4 - l. Suppose -26 = -c*w - 2*r, 4*r + 0*r - 22 = -5*w. What is the units digit of w?
6
Let i be ((-166)/(-7))/((-2)/(-7)). Suppose -85*s + i*s + 1416 = 0. What is the units digit of s?
8
Suppose -28*q + 53*q = 3575. Let y = 213 + q. What is the units digit of y?
6
Let b(d) = -4*d - 19*d**3 + 14*d**3 + 7*d + 8 - 5*d**2. Let a be b(-4). Suppose 80 - a = -3*j. What is the tens digit of j?
5
Suppose 0 = 116*m - 124*m + 56. Suppose 0 = -4*q + 3*j + 64, m*q - j = 11*q - 64. What is the units digit of q?
6
Let r(y) be the first derivative of -23*y**2 - 122*y - 50. What is the units digit of r(-13)?
6
Let f(v) = 2*v**2 - 19*v - 5. Let s be f(12). Suppose -42 = 2*y + 52. Let m = s + y. What is the units digit of m?
8
Let u(h) = h**3 - 4*h**2 - 5*h - 33. Suppose 0 = 10*z + 248 - 328. What is the units digit of u(z)?
3
Let x(s) = 11*s**2 - 4*s + 21. Suppose -3*w - 2 + 17 = 0. Let i be x(w). Let m = i + -50. What is the hundreds digit of m?
2
Let t be (-2)/(-6) + 209/3. Let y = 518 - 369. Let w = y + t. What is the hundreds digit of w?
2
Let n = 1214 + 25. What is the units digit of 5/1 + (3 - (3 - n))?
4
What is the hundreds digit of 26 + 7204 + 1 + -1 + 4?
2
Suppose -348 = -2*w + 1068. Suppose -4*x + w = 4*q, -4*x + 147 = -3*x - 5*q. What is the tens digit of x?
7
Suppose 5*h - 5 = 15*x - 12*x, 0 = -4*x + h - 1. What is the tens digit of (-13 + x)*-11 + (-25)/(-5)?
4
Suppose 4*h = -4*n + 28056, 3*n = 63*h - 67*h + 28065. What is the hundreds digit of h?
0
Suppose -113885 = -15*g + 40315. What is the ten thousands digit of g?
1
What is the hundreds digit of -63*25/45*(-4)/(20/4863)?
0
Let t(l) be the first derivative of l**4/4 - 2*l**3/3 + l**2 + l - 3. Let y be t(2). Suppose -552 = -x - y*x. What is the tens digit of x?
9
Let a be 2 - (15/5 - 90 - 2). Suppose 2*x - 1062 = a*b - 94*b, -2641 = -5*x - 4*b. What is the tens digit of x?
2
Suppose 3*y + 12 = -3*g + 9, 17 = 3*y - g. Suppose -533 = -5*h + j + 1724, -2263 = -5*h + y*j. What is the hundreds digit of h?
4
Suppose -5*d + 10*d + 75*d - 3423360 = 0. What is the thousands digit of d?
2
Suppose -k + 2097*i = 2095*i - 5789, 11585 = 2*k + 3*i. What is the thousands digit of k?
5
Suppose 65*i - 138*i + 64*i + 183780 = 0. What is the tens digit of i?
2
What is the thousands digit of 12933/(-9)*(16 + -23)?
0
Let a(s) = -s**3 + 4*s - 5. Let t be a(-5). Suppose 4*d - t = -z - 0*z, 2*d + z - 48 = 0. Suppose d + 12 = o. What is the tens digit of o?
3
Let s be 2/(10/(-15)) - -5. What is the units digit of s - (-1)/(3 - 13292/4432)?
0
Let l = 1160 - 453. Let t = l + -1. What is the tens digit of t?
0
Let m(g) = 3*g + 16. Let k(n) = 4*n + 16. Let o(l) = 5*k(l) - 6*m(l). Let x be o(9). Suppose -4*y + 130 = -x*y. What is the units digit of y?
5
Let x(j) = 4*j**3 - 2*j**2 - j + 2. Let g = 73 - 72. Let w be x(g). Suppose 3*m + 128 + 153 = h, 3*h - w*m - 825 = 0. What is the units digit of h?
2
Suppose -686088 = 256*z - 4549128. What is the tens digit of z?
9
Suppose -15123*t + 183296 = -15107*t. What is the tens digit of t?
5
Suppose -45*t + 26509 + 216202 = -5104. What is the thousands digit of t?
5
What is the hundreds digit of (-1339 - 4)*-4 + -6?
3
Let u be (-12)/(-27) - (-2690)/(-18). Suppose -2*a + 2156 = 5*a. Let g = a + u. What is the tens digit of g?
5
Let o = -204 - -217. Suppose -1708 = -o*y + 9*y + 5*l, -2*l = y - 427. What is the units digit of y?
7
What is the hundreds digit of 4700 - (-28)/12*6?
7
Let f(g) = g**2 - 11*g + 26. Let r be f(9). What is the units digit of 6*6098/60 + r/(-10)?
9
Suppose 23*j + 11391 = 198105. What is the tens digit of j?
1
Let q = 1 + 0. Let h = 4 + q. Suppose -3*i + 112 = -h. What is the tens digit of i?
3
Let p(v) = 7*v**2 + 22*v + 36. Let n be p(-20). Suppose -n - 11401 = -21*f. What is the hundreds digit of f?
6
Let t = 732 + -687. What is the units digit of 58968/(-135)*t/(-12)?
8
Suppose 3*u = -5*o - 11 - 33, -4*u - 3*o - 44 = 0. What is the hundreds digit of (-7 - 228/(-32)) + (-4287)/u?
5
Let w = -13636 + 20896. What is the tens digit of w?
6
Let t(s) = s**3 - 42*s**2 - 136*s + 111. What is the tens digit of t(45)?
6
What is the hundreds digit of -4*(-462245)/250 - 2/(-25)?
3
Let n(a) = -19*a + 413. Let t be n(21). What is the tens digit of -1 + 2 + (t - (-2012 - -13))?
1
Suppose 12 = -2*t + 4*y, 4*t + t + 18 = 4*y. Let d(a) = 29*a + 6. Let n be d(t). Let v = -13 - n. What is the units digit of v?
9
What is the ten thousands digit of -13070*(9 - (-306)/(-30))?
1
Suppose 0 = 58*k + 106*k - 1154724. What is the thousands digit of k?
7
Let a = -14718 + 35984. What is the ten thousands digit of a?
2
Suppose 24*q - 186 = -42. Suppose 0 = -4*t, -3*x - 3*t + q*t = -2757. What is the units digit of x?
9
Suppose 255*g - 8574993 - 3415362 = 0. What is the thousands digit of g?
7
Suppose -5*o = -10, -5*s + 74 = -4*s - 2*o. Let c(p) = 16*p + 597. Let a be c(-32). Let i = s + a. What is the tens digit of i?
6
Let b(s) = s**3 + 16*s**2 + 6*s - 22. Suppose 0*f - 5*f - 9 = 3*i, -5*i - 25 = 5*f. What is the tens digit of b(i)?
4
Let w be (26 - 25)/(1/(-725)). Let r = 1363 + w. What is the hundreds digit of r?
6
Let g(v) = v + 1. Let t(l) = -l**2 - 8*l - 15. Let c be t(-6). Let q(s) = -20*s - 20. Let a(n) = c*q(n) - 48*g(n). What is the tens digit of a(4)?
6
Suppose 5*f + 25 = 3*q, 2*f + q = 5*f + 15. What is the hundreds digit of f/(-20)*-2 - (-5271)/6?
8
What is the thousands digit of 6390/21*8 + (-4)/14?
2
Let x(q) = -292*q**3 + 38*q**2 - 30*q - 251. What is the thousands digit of x(-6)?
4
Suppose -2624 = -5*c - 4*x + 12250, -2 = -2*x. What is the units digit of c?
4
Let d = 97 - 70. Suppose 0 = d*z + 3453 - 10500. What is the hundreds digit of z?
2
Let d = 94 - 216. Let c = 284 + d. What is the units digit of c?
2
Let r = 52